{"id":4,"date":"2019-03-16T09:31:27","date_gmt":"2019-03-16T09:31:27","guid":{"rendered":"http:\/\/hallenbadverein-buchenau.de\/?page_id=4"},"modified":"2026-03-22T08:49:24","modified_gmt":"2026-03-22T08:49:24","slug":"aktuelles","status":"publish","type":"page","link":"http:\/\/hallenbadverein-buchenau.de\/?page_id=4","title":{"rendered":"Aktuelles"},"content":{"rendered":"\t\t<div data-elementor-type=\"wp-post\" data-elementor-id=\"4\" class=\"elementor elementor-4\" data-elementor-settings=\"[]\">\n\t\t\t\t\t\t<div class=\"elementor-inner\">\n\t\t\t\t\t\t\t<div class=\"elementor-section-wrap\">\n\t\t\t\t\t\t\t<section class=\"elementor-section elementor-top-section elementor-element elementor-element-61b2554a elementor-section-boxed elementor-section-height-default elementor-section-height-default\" data-id=\"61b2554a\" data-element_type=\"section\">\n\t\t\t\t\t\t<div class=\"elementor-container elementor-column-gap-default\">\n\t\t\t\t\t\t\t<div class=\"elementor-row\">\n\t\t\t\t\t<div class=\"elementor-column elementor-col-100 elementor-top-column elementor-element elementor-element-44e6d718\" data-id=\"44e6d718\" data-element_type=\"column\">\n\t\t\t<div class=\"elementor-column-wrap elementor-element-populated\">\n\t\t\t\t\t\t\t<div class=\"elementor-widget-wrap\">\n\t\t\t\t\t\t<div class=\"elementor-element elementor-element-b1b91a2 elementor-widget elementor-widget-text-editor\" data-id=\"b1b91a2\" data-element_type=\"widget\" data-widget_type=\"text-editor.default\">\n\t\t\t\t<div class=\"elementor-widget-container\">\n\t\t\t\t\t\t\t\t<div class=\"elementor-text-editor elementor-clearfix\">\n\t\t\t\t\t<p><strong>\u00c4nderung der \u00d6ffnungszeiten<\/strong><\/p>\n<p>Aus organisatorischen Gr\u00fcnden wird der \u00f6ffentliche Badebetrieb wie folgt ge\u00e4ndert:<\/p>\n<p>ab Dienstag, 03. M\u00e4rz 2026,<br>16:00 Uhr bis 20:30 Uhr<\/p>\n<p>ab Freitag, 06. M\u00e4rz 2026,<br>15:00 Uhr bis 21:00 Uhr<\/p>\n<p><\/p>\n<p><br><\/p>\n<p>Stand: 22. M\u00e4rz 2026<\/p>\t\t\t\t\t<\/div>\n\t\t\t\t\t\t<\/div>\n\t\t\t\t<\/div>\n\t\t\t\t<div class=\"elementor-element elementor-element-4401fe2 elementor-widget elementor-widget-text-editor\" data-id=\"4401fe2\" data-element_type=\"widget\" data-widget_type=\"text-editor.default\">\n\t\t\t\t<div class=\"elementor-widget-container\">\n\t\t\t\t\t\t\t\t<div class=\"elementor-text-editor elementor-clearfix\">\n\t\t\t\t\t\t\t\t\t\t<\/div>\n\t\t\t\t\t\t<\/div>\n\t\t\t\t<\/div>\n\t\t\t\t\t\t<\/div>\n\t\t\t\t\t<\/div>\n\t\t<\/div>\n\t\t\t\t\t\t\t\t<\/div>\n\t\t\t\t\t<\/div>\n\t\t<\/section>\n\t\t\t\t<section class=\"elementor-section elementor-top-section elementor-element elementor-element-6754d0a elementor-section-boxed elementor-section-height-default elementor-section-height-default\" data-id=\"6754d0a\" data-element_type=\"section\">\n\t\t\t\t\t\t<div class=\"elementor-container elementor-column-gap-default\">\n\t\t\t\t\t\t\t<div class=\"elementor-row\">\n\t\t\t\t\t<div class=\"elementor-column elementor-col-100 elementor-top-column elementor-element elementor-element-a811eb5\" data-id=\"a811eb5\" data-element_type=\"column\">\n\t\t\t<div class=\"elementor-column-wrap elementor-element-populated\">\n\t\t\t\t\t\t\t<div class=\"elementor-widget-wrap\">\n\t\t\t\t\t\t<div class=\"elementor-element elementor-element-44c407b elementor-widget elementor-widget-text-editor\" data-id=\"44c407b\" data-element_type=\"widget\" data-widget_type=\"text-editor.default\">\n\t\t\t\t<div class=\"elementor-widget-container\">\n\t\t\t\t\t\t\t\t<div class=\"elementor-text-editor elementor-clearfix\">\n\t\t\t\t\t\t\t\t\t\t<\/div>\n\t\t\t\t\t\t<\/div>\n\t\t\t\t<\/div>\n\t\t\t\t\t\t<\/div>\n\t\t\t\t\t<\/div>\n\t\t<\/div>\n\t\t\t\t\t\t\t\t<\/div>\n\t\t\t\t\t<\/div>\n\t\t<\/section>\n\t\t\t\t\t\t<\/div>\n\t\t\t\t\t\t<\/div>\n\t\t\t\t\t<\/div>\n\t\t","protected":false},"excerpt":{"rendered":"<p>\u00c4nderung der \u00d6ffnungszeiten Aus organisatorischen Gr\u00fcnden wird der \u00f6ffentliche Badebetrieb wie folgt ge\u00e4ndert: ab Dienstag, 03. M\u00e4rz 2026, 16:00 Uhr bis 20:30 Uhr ab Freitag, 06. M\u00e4rz 2026, 15:00 Uhr bis 21:00 Uhr Stand: 22. M\u00e4rz 2026<\/p>\n","protected":false},"author":1,"featured_media":0,"parent":0,"menu_order":0,"comment_status":"closed","ping_status":"closed","template":"","meta":[],"_links":{"self":[{"href":"http:\/\/hallenbadverein-buchenau.de\/index.php?rest_route=\/wp\/v2\/pages\/4"}],"collection":[{"href":"http:\/\/hallenbadverein-buchenau.de\/index.php?rest_route=\/wp\/v2\/pages"}],"about":[{"href":"http:\/\/hallenbadverein-buchenau.de\/index.php?rest_route=\/wp\/v2\/types\/page"}],"author":[{"embeddable":true,"href":"http:\/\/hallenbadverein-buchenau.de\/index.php?rest_route=\/wp\/v2\/users\/1"}],"replies":[{"embeddable":true,"href":"http:\/\/hallenbadverein-buchenau.de\/index.php?rest_route=%2Fwp%2Fv2%2Fcomments&post=4"}],"version-history":[{"count":357,"href":"http:\/\/hallenbadverein-buchenau.de\/index.php?rest_route=\/wp\/v2\/pages\/4\/revisions"}],"predecessor-version":[{"id":612,"href":"http:\/\/hallenbadverein-buchenau.de\/index.php?rest_route=\/wp\/v2\/pages\/4\/revisions\/612"}],"wp:attachment":[{"href":"http:\/\/hallenbadverein-buchenau.de\/index.php?rest_route=%2Fwp%2Fv2%2Fmedia&parent=4"}],"curies":[{"name":"wp","href":"https:\/\/api.w.org\/{rel}","templated":true}]}}

<div data-elementor-type="wp-post" data-elementor-id="4" class="elementor elementor-4" data-elementor-settings="[]">
						<div class="elementor-inner">
							<div class="elementor-section-wrap">
							<section class="elementor-section elementor-top-section elementor-element elementor-element-61b2554a elementor-section-boxed elementor-section-height-default elementor-section-height-default" data-id="61b2554a" data-element_type="section">
						<div class="elementor-container elementor-column-gap-default">
							<div class="elementor-row">
					<div class="elementor-column elementor-col-100 elementor-top-column elementor-element elementor-element-44e6d718" data-id="44e6d718" data-element_type="column">
			<div class="elementor-column-wrap elementor-element-populated">
							<div class="elementor-widget-wrap">
						<div class="elementor-element elementor-element-b1b91a2 elementor-widget elementor-widget-text-editor" data-id="b1b91a2" data-element_type="widget" data-widget_type="text-editor.default">
				<div class="elementor-widget-container">
								<div class="elementor-text-editor elementor-clearfix">
					<p><strong>Änderung der Öffnungszeiten</strong></p>
<p>Aus organisatorischen Gründen wird der öffentliche Badebetrieb wie folgt geändert:</p>
<p>ab Dienstag, 03. März 2026,<br>16:00 Uhr bis 20:30 Uhr</p>
<p>ab Freitag, 06. März 2026,<br>15:00 Uhr bis 21:00 Uhr</p>
<p></p>
<p><br></p>
<p>Stand: 22. März 2026</p>					</div>
						</div>
				</div>
				<div class="elementor-element elementor-element-4401fe2 elementor-widget elementor-widget-text-editor" data-id="4401fe2" data-element_type="widget" data-widget_type="text-editor.default">
				<div class="elementor-widget-container">
								<div class="elementor-text-editor elementor-clearfix">
										</div>
						</div>
				</div>
						</div>
					</div>
		</div>
								</div>
					</div>
		</section>
				<section class="elementor-section elementor-top-section elementor-element elementor-element-6754d0a elementor-section-boxed elementor-section-height-default elementor-section-height-default" data-id="6754d0a" data-element_type="section">
						<div class="elementor-container elementor-column-gap-default">
							<div class="elementor-row">
					<div class="elementor-column elementor-col-100 elementor-top-column elementor-element elementor-element-a811eb5" data-id="a811eb5" data-element_type="column">
			<div class="elementor-column-wrap elementor-element-populated">
							<div class="elementor-widget-wrap">
						<div class="elementor-element elementor-element-44c407b elementor-widget elementor-widget-text-editor" data-id="44c407b" data-element_type="widget" data-widget_type="text-editor.default">
				<div class="elementor-widget-container">
								<div class="elementor-text-editor elementor-clearfix">
										</div>
						</div>
				</div>
						</div>
					</div>
		</div>
								</div>
					</div>
		</section>
						</div>
						</div>
					</div>

<p>Änderung der Öffnungszeiten Aus organisatorischen Gründen wird der öffentliche Badebetrieb wie folgt geändert: ab Dienstag, 03. März 2026, 16:00 Uhr bis 20:30 Uhr ab Freitag, 06. März 2026, 15:00 Uhr bis 21:00 Uhr Stand: 22. März 2026</p>
